230.
2, 3, 5, 479, 1277
List the prime factors of 39817707.
3, 3529, 3761
What are the prime factors of 94449317?
29, 1361, 2393
List the prime factors of 4919769123.
3, 19, 347, 248737
List the prime factors of 2960564093.
17, 29, 6005201
What are the prime factors of 82174817?
37, 2220941
List the prime factors of 2232484569.
3, 7, 35436263
List the prime factors of 340640371.
181, 479, 3929
List the prime factors of 614526775.
5, 73, 336727
List the prime factors of 2331774844.
2, 7, 83277673
List the prime factors of 509936987.
7, 72848141
List the prime factors of 42566517.
3, 7, 19, 43, 827
What are the prime factors of 5112655624?
2, 43, 227, 233, 281
What are the prime factors of 391967250?
2, 3, 5, 522623
List the prime factors of 218454251.
5393, 40507
What are the prime factors of 6624659812?
2, 211, 7849123
What are the prime factors of 413939739?
3, 137979913
List the prime factors of 2883525970.
2, 5, 13, 29, 587, 1303
What are the prime factors of 405409044?
2, 3, 33784087
What are the prime factors of 1667580993?
3, 13, 127, 37409
What are the prime factors of 299926901?
16319, 18379
What are the prime factors of 25974169?
13, 29, 68897
List the prime factors of 248112187.
14293, 17359
List the prime factors of 5400987958.
2, 17, 31, 293, 17489
List the prime factors of 36242951.
36242951
What are the prime factors of 38428057?
59, 651323
What are the prime factors of 49341105?
3, 5, 11, 99679
List the prime factors of 453049872.
2, 3, 11, 31, 89, 311
What are the prime factors of 51775051?
811, 63841
What are the prime factors of 6753207737?
47, 107, 367, 3659
List the prime factors of 931401514.
2, 23, 1117, 18127
List the prime factors of 6259804927.
109, 57429403
List the prime factors of 3929815032.
2, 3, 11, 13, 103, 11117
List the prime factors of 1013926398.
2, 3, 168987733
List the prime factors of 564731067.
3, 59, 3190571
List the prime factors of 48813551.
48813551
What are the prime factors of 711363977?
277, 2568101
What are the prime factors of 92005459?
7, 13, 77773
List the prime factors of 131002562.
2, 1637, 40013
List the prime factors of 23252971.
7, 103, 32251
List the prime factors of 69532977.
3, 191, 121349
What are the prime factors of 280518731?
277, 1012703
List the prime factors of 221200415.
5, 2213, 19991
What are the prime factors of 15068712?
2, 3, 139, 4517
List the prime factors of 203267048.
2, 37, 347, 1979
List the prime factors of 208621898.
2, 3581, 29129
List the prime factors of 48733576.
2, 97, 62801
List the prime factors of 186822570.
2, 3, 5, 11, 89, 6361
What are the prime factors of 138059573?
138059573
What are the prime factors of 509163639?
3, 197, 701, 1229
List the prime factors of 909885266.
2, 29, 113, 138829
List the prime factors of 1246883226.
2, 3, 41, 59, 85909
What are the prime factors of 4283784615?
3, 5, 11, 23, 239, 4723
List the prime factors of 243625020.
2, 3, 5, 37, 109741
What are the prime factors of 2305703918?
2, 7, 1151, 20441
List the prime factors of 2047165359.
3, 24709, 27617
What are the prime factors of 13409735?
5, 73, 36739
List the prime factors of 47385154.
2, 17, 1393681
List the prime factors of 38879729.
7, 23, 241489
List the prime factors of 9643779.
3, 67, 1777
What are the prime factors of 1485044959?
19, 78160261
What are the prime factors of 667430134?
2, 7, 47673581
List the prime factors of 55786345.
5, 103, 149, 727
List the prime factors of 46155331.
157, 293983
What are the prime factors of 21030183?
3, 31, 75377
List the prime factors of 113616284.
2, 28404071
List the prime factors of 4760541844.
2, 1291, 921871
List the prime factors of 1361666335.
5, 272333267
List the prime factors of 132555018.
2, 3, 17, 461, 2819
What are the prime factors of 85890510?
2, 3, 5, 23, 13831
List the prime factors of 614442734.
2, 1019, 301493
What are the prime factors of 383238103?
29, 13215107
List the prime factors of 1632804367.
307, 5318581
What are the prime factors of 1025093251?
7, 13, 17, 37, 17909
What are the prime factors of 532147806?
2, 3, 1303, 2521
What are the prime factors of 204417492?
2, 3, 173, 98467
What are the prime factors of 1567478308?
2, 11, 103, 345869
List the prime factors of 128118178.
2, 19, 61, 2909
List the prime factors of 3345636216.
2, 3, 13, 824861
List the prime factors of 2555616163.
2555616163
List the prime factors of 146728975.
5, 5869159
What are the prime factors of 733492730?
2, 5, 149, 607, 811
What are the prime factors of 3558177105?
3, 5, 7, 33887401
List the prime factors of 23711900.
2, 5, 31, 7649
List the prime factors of 319190445.
3, 5, 7, 619, 1637
List the prime factors of 100203459.
3, 43, 197, 3943
List the prime factors of 24582305.
5, 11, 446951
What are the prime factors of 5184511?
19, 353, 773
What are the prime factors of 248710504?
2, 7, 661, 6719
List the prime factors of 76733681.
23, 29, 3967
What are the prime factors of 373138?
2, 186569
List the prime factors of 105869500.
2, 5, 11, 19249
List the prime factors of 3321664447.
3321664447
What are the prime factors of 338706897?
3, 929, 121531
List the prime factors of 348125923.
19, 127, 144271
What are the prime factors of 174467585?
5, 34893517
What are the prime factors of 659789715?
3, 5, 13, 3383537
List the prime factors of 420185992.
2, 373, 140813
What are the prime factors of 54611005?
5, 1453, 7517
What are the prime factors of 343963598?
2, 11, 3163, 4943
List the prime factors of 386403701.
6481, 59621
List the prime factors of 433493751.
3, 809, 178613
List the prime factors of 1419053067.
3, 241, 218081
List the prime factors of 660953095.
5, 11, 19, 33289
What are the prime factors of 85118614?
2, 7, 727, 8363
List the prime factors of 592522814.
2, 13, 22789339
List the prime factors of 847653967.
41, 577, 35831
What are the prime factors of 89109782?
2, 44554891
List the prime factors of 74147541.
3, 13, 1901219
What are the prime factors of 1148312346?
2, 3, 191385391
List the prime factors of 1684669413.
3, 7, 1307, 61379
What are the prime factors of 361757930?
2, 5, 353, 102481
List the prime factors of 29380427.
97, 302891
What are the prime factors of 29261989?
53, 552113
What are the prime factors of 113847210?
2, 3, 5, 1264969
What are the prime factors of 5313156303?
3, 7, 13, 37, 61, 8623
What are the prime factors of 8483551?
53, 59, 2713
What are the prime factors of 53749260?
2, 3, 5, 298607
What are the prime factors of 2641673574?
2, 3, 79, 206413
What are the prime factors of 4381719?
3, 499, 2927
List the prime factors of 27446524.
2, 7, 467, 2099
List the prime factors of 18574566.
2, 3, 3095761
What are the prime factors of 18019257?
3, 373, 16103
What are the prime factors of 318039253?
7, 6490597
List the prime factors of 9551713.
53, 180221
List the prime factors of 1750097628.
2, 3, 41, 1185703
What are the prime factors of 497470871?
497470871
What are the prime factors of 928581548?
2, 17, 13655611
What are the prime factors of 566634479?
566634479
List the prime factors of 1196044320.
2, 3, 5, 2491759
List the prime factors of 2756685687.
3, 7, 421, 311807
List the prime factors of 1459954830.
2, 3, 5, 29, 619, 2711
List the prime factors of 252261765.
3, 5, 7, 19, 113, 373
What are the prime factors of 882569046?
2, 3, 83, 1772227
What are the prime factors of 22623358?
2, 137, 82567
What are the prime factors of 5414548171?
36721, 147451
What are the prime factors of 94896853?
94896853
List the prime factors of 4241328283.
17, 249489899
List the prime factors of 84532978.
2, 47, 73, 97, 127
What are the prime factors of 3240656158?
2, 1620328079
List the prime factors of 21245488.
2, 11, 120713
What are the prime factors of 75604760?
2, 5, 7, 11, 24547
What are the prime factors of 315068446?
2, 7, 11, 17, 151, 797
List the prime factors of 2556207299.
223, 11462813
What are the prime factors of 4976576961?
3, 163, 3019, 3371
List the prime factors of 831487015.
5, 166297403
What are the prime factors of 59248480?
2, 5, 367, 1009
List the prime factors of 4126136763.
3, 7, 196482703
List the prime factors of 166518979.
11, 47, 137, 2351
List the prime factors of 2223045819.
3, 247005091
What are the prime factors of 4548863246?
2, 27961, 81343
List the prime factors of 1380